{"id":20,"date":"2020-07-14T19:45:31","date_gmt":"2020-07-14T19:45:31","guid":{"rendered":"http:\/\/novoaweb.es\/?page_id=20"},"modified":"2021-11-30T10:34:14","modified_gmt":"2021-11-30T10:34:14","slug":"inicio","status":"publish","type":"page","link":"https:\/\/novoaweb.es\/","title":{"rendered":"Inicio"},"content":{"rendered":"<h2>diego novoa<\/h2>\n<h2>Diego novoa. Cantante y compositor<\/h2>\n<h4>New Single<\/h4>\n<p>\t\t<iframe loading=\"lazy\" title=\"Diego Novoa - Verano Del 93\" width=\"800\" height=\"450\" src=\"https:\/\/www.youtube.com\/embed\/7r9JdpzN52s?feature=oembed\" frameborder=\"0\" allow=\"accelerometer; autoplay; clipboard-write; encrypted-media; gyroscope; picture-in-picture\" allowfullscreen><\/iframe>\t\t<\/p>\n<h4>Videos<\/h4>\n<p>\t\t<iframe loading=\"lazy\" title=\"Diego N\u00f3voa - Idiota\" width=\"800\" height=\"450\" src=\"https:\/\/www.youtube.com\/embed\/qbgFNtuC7IE?feature=oembed\" frameborder=\"0\" allow=\"accelerometer; autoplay; clipboard-write; encrypted-media; gyroscope; picture-in-picture\" allowfullscreen><\/iframe>\t\t<\/p>\n<h3>Biography<\/h3>\n<p>\t\t\t\t\t\t\tDiego N\u00f3voa<br \/>1989<br \/>Ourense<br \/>\n\t\t\t\t\t\t\t\t\t\t\t\t\t\t@diegonovoamusic<br \/>\n\t\t\t\t\t\t\t\t\t\t\t\t\t\t\t\t\t\t\t\t\t\t#ontour<br \/>\n\t\t\t\t\t<a href=\"https:\/\/www.facebook.com\/diegonovoamusic\/\" target=\"_blank\" rel=\"noopener\"><br \/>\n\t\t\t\t\t\tFacebook-f<br \/>\n\t\t\t\t\t\t\t\t\t\t\t<\/a><br \/>\n\t\t\t\t\t<a href=\"https:\/\/www.instagram.com\/_diegonovoa_\/\" target=\"_blank\" rel=\"noopener\"><br \/>\n\t\t\t\t\t\tInstagram<br \/>\n\t\t\t\t\t\t\t\t\t\t\t<\/a><br \/>\n\t\t\t\t\t<a href=\"https:\/\/www.youtube.com\/c\/DiegoN%C3%B3voaourense\/videos\" target=\"_blank\" rel=\"noopener\"><br \/>\n\t\t\t\t\t\tYoutube<br \/>\n\t\t\t\t\t\t\t\t\t\t\t<\/a><\/p>\n<p>Nace en el 89, en Orense. Con 10 a\u00f1os empieza a componer a piano y guitarra, sus primeras canciones para un grupo que tenia llamado MD4 llegando a ser telonero de artistas como Los Suaves, Rosario Flores, Lorca&#8230; A\u00f1os m\u00e1s tarde, la banda de deshace y Diego llega a ser uno de los artistas invitado en el concierto de honor a la Selecci\u00f3n Espa\u00f1ola de futbol que se llevo a cabo en la ciudad de Pontevedra tras proclamarse con la 2\u00ba Eurocopa consecutiva y compartiendo cartel con grupos de tirada nacional. En 2018 publica \u201cMadrid\u00bb una canci\u00f3n escrita y compuesta por el, llegando a ser uno de los singles m\u00e1s vendidos en la lista de iTunes Espa\u00f1a, el fin de semana de su lanzamiento alcanzando el puesto 36 . Ha realizado conciertos para Cadena 100, Presentaciones para toda Galicia en directo por la Crtvg, Radio Lider\u2026y programas de televisi\u00f3n llegando a coincidir de cabeza de cartel con artistas como Natalia OT1, Efecto Mariposa\u2026 Actualmente Diego esta apunto de lanzar su segundo EP \u201c 1989 \u201c<\/p>\n<p>\t\t\t\t\t\t\t\t\t\t\t\t<img decoding=\"async\" src=\"https:\/\/novoaweb.es\/wp-content\/uploads\/elementor\/thumbs\/diego-novoa-otx7l9bhr8eayrrsy6t4lnwi15hc3hymcmaqaf94zs.jpg\" title=\"diego-novoa\" alt=\"diego-novoa\" \/><br \/>\n\t\t\t<iframe src = \"https:\/\/links.altafonte.com\/qrwm2o5\"width = \"100%\" height = \"500\" frameborder = \"0\"> <\/iframe>\t\t<\/p>\n<h4>Redes sociales<\/h4>\n<p>\t\t\t\t\t<a href=\"https:\/\/www.facebook.com\/diegonovoamusic\/\" target=\"_blank\" rel=\"noopener\"><br \/>\n\t\t\t\t\t\tFacebook-f<br \/>\n\t\t\t\t\t\t\t\t\t\t\t<\/a><br \/>\n\t\t\t\t\t<a href=\"https:\/\/www.instagram.com\/_diegonovoa_\/\" target=\"_blank\" rel=\"noopener\"><br \/>\n\t\t\t\t\t\tInstagram<br \/>\n\t\t\t\t\t\t\t\t\t\t\t<\/a><br \/>\n\t\t\t\t\t<a href=\"https:\/\/www.youtube.com\/c\/DiegoN%C3%B3voaourense\/videos\" target=\"_blank\" rel=\"noopener\"><br \/>\n\t\t\t\t\t\tYoutube<br \/>\n\t\t\t\t\t\t\t\t\t\t\t<\/a><br \/>\n\t\t\t\t\t\t\t<a href=\"https:\/\/novoaweb.es\/wp-content\/uploads\/2020\/08\/diego-novoa-music-1.jpg\" data-elementor-open-lightbox=\"yes\" data-elementor-lightbox-slideshow=\"all-bfe54d1\" data-elementor-lightbox-title=\"diego-novoa-music\"><br \/>\n\t\t\t\t\t\t\t\t\t\t\t\t\t\t<\/a><br \/>\n\t\t\t\t\t\t\t<a href=\"https:\/\/novoaweb.es\/wp-content\/uploads\/2020\/08\/galleria-diego-novoa1.jpg\" data-elementor-open-lightbox=\"yes\" data-elementor-lightbox-slideshow=\"all-bfe54d1\" data-elementor-lightbox-title=\"galleria-diego-novoa1\"><br \/>\n\t\t\t\t\t\t\t\t\t\t\t\t\t\t<\/a><br \/>\n\t\t\t\t\t\t\t<a href=\"https:\/\/novoaweb.es\/wp-content\/uploads\/2020\/08\/galleria-diego-novoa2.jpg\" data-elementor-open-lightbox=\"yes\" data-elementor-lightbox-slideshow=\"all-bfe54d1\" data-elementor-lightbox-title=\"galleria-diego-novoa2\"><br \/>\n\t\t\t\t\t\t\t\t\t\t\t\t\t\t<\/a><br \/>\n\t\t\t\t\t\t\t<a href=\"https:\/\/novoaweb.es\/wp-content\/uploads\/2020\/08\/galeria-diego-novoa5.jpg\" data-elementor-open-lightbox=\"yes\" data-elementor-lightbox-slideshow=\"all-bfe54d1\" data-elementor-lightbox-title=\"galeria-diego-novoa5\"><br \/>\n\t\t\t\t\t\t\t\t\t\t\t\t\t\t<\/a><br \/>\n\t\t\t\t\t\t\t<a href=\"https:\/\/novoaweb.es\/wp-content\/uploads\/2020\/08\/galeria-diego-novoa4.jpg\" data-elementor-open-lightbox=\"yes\" data-elementor-lightbox-slideshow=\"all-bfe54d1\" data-elementor-lightbox-title=\"galeria-diego-novoa4\"><br \/>\n\t\t\t\t\t\t\t\t\t\t\t\t\t\t<\/a><br \/>\n\t\t\t\t\t\t\t<a href=\"https:\/\/novoaweb.es\/wp-content\/uploads\/2020\/08\/diego-novoa.jpg\" data-elementor-open-lightbox=\"yes\" data-elementor-lightbox-slideshow=\"all-bfe54d1\" data-elementor-lightbox-title=\"diego-novoa\"><br \/>\n\t\t\t\t\t\t\t\t\t\t\t\t\t\t<\/a><br \/>\n\t\t\t\t\t\t\t<a href=\"https:\/\/novoaweb.es\/wp-content\/uploads\/2020\/08\/diego-novoa-music.jpg\" data-elementor-open-lightbox=\"yes\" data-elementor-lightbox-slideshow=\"all-bfe54d1\" data-elementor-lightbox-title=\"diego-novoa-music\"><br \/>\n\t\t\t\t\t\t\t\t\t\t\t\t\t\t<\/a><\/p>\n","protected":false},"excerpt":{"rendered":"<p>diego novoa Diego novoa. Cantante y compositor New Single Videos Biography Diego N\u00f3voa1989Ourense @diegonovoamusic #ontour Facebook-f Instagram Youtube Nace en el 89, en Orense. Con 10 a\u00f1os empieza a componer a piano y guitarra, sus primeras canciones para un grupo que tenia llamado MD4 llegando a ser telonero de artistas como Los Suaves, Rosario Flores, [&hellip;]<\/p>\n","protected":false},"author":1,"featured_media":0,"parent":0,"menu_order":0,"comment_status":"closed","ping_status":"closed","template":"","meta":{"footnotes":""},"class_list":["post-20","page","type-page","status-publish","hentry"],"yoast_head":"<!-- This site is optimized with the Yoast SEO plugin v27.4 - https:\/\/yoast.com\/product\/yoast-seo-wordpress\/ -->\n<title>Diego Novoa<\/title>\n<meta name=\"description\" content=\"Web Oficial. Diego Novoa Music. Compositor y cantante de Ourense. Descubre su nuevo EP VERANO DEL 93, conciertos, noticias y mucho m\u00e1s....\" \/>\n<meta name=\"robots\" content=\"index, follow, max-snippet:-1, max-image-preview:large, max-video-preview:-1\" \/>\n<link rel=\"canonical\" href=\"https:\/\/novoaweb.es\/\" \/>\n<meta property=\"og:locale\" content=\"es_ES\" \/>\n<meta property=\"og:type\" content=\"article\" \/>\n<meta property=\"og:title\" content=\"Diego Novoa\" \/>\n<meta property=\"og:description\" content=\"Web Oficial. Diego Novoa Music. Compositor y cantante de Ourense. Descubre su nuevo EP VERANO DEL 93, conciertos, noticias y mucho m\u00e1s....\" \/>\n<meta property=\"og:url\" content=\"https:\/\/novoaweb.es\/\" \/>\n<meta property=\"og:site_name\" content=\"Diego Novoa\" \/>\n<meta property=\"article:modified_time\" content=\"2021-11-30T10:34:14+00:00\" \/>\n<meta property=\"og:image\" content=\"https:\/\/novoaweb.es\/wp-content\/uploads\/elementor\/thumbs\/diego-novoa-otx7l9bhr8eayrrsy6t4lnwi15hc3hymcmaqaf94zs.jpg\" \/>\n<meta name=\"twitter:card\" content=\"summary_large_image\" \/>\n<meta name=\"twitter:label1\" content=\"Tiempo de lectura\" \/>\n\t<meta name=\"twitter:data1\" content=\"2 minutos\" \/>\n<script type=\"application\/ld+json\" class=\"yoast-schema-graph\">{\"@context\":\"https:\\\/\\\/schema.org\",\"@graph\":[{\"@type\":\"WebPage\",\"@id\":\"https:\\\/\\\/novoaweb.es\\\/\",\"url\":\"https:\\\/\\\/novoaweb.es\\\/\",\"name\":\"Diego Novoa\",\"isPartOf\":{\"@id\":\"https:\\\/\\\/novoaweb.es\\\/#website\"},\"primaryImageOfPage\":{\"@id\":\"https:\\\/\\\/novoaweb.es\\\/#primaryimage\"},\"image\":{\"@id\":\"https:\\\/\\\/novoaweb.es\\\/#primaryimage\"},\"thumbnailUrl\":\"https:\\\/\\\/novoaweb.es\\\/wp-content\\\/uploads\\\/elementor\\\/thumbs\\\/diego-novoa-otx7l9bhr8eayrrsy6t4lnwi15hc3hymcmaqaf94zs.jpg\",\"datePublished\":\"2020-07-14T19:45:31+00:00\",\"dateModified\":\"2021-11-30T10:34:14+00:00\",\"description\":\"Web Oficial. Diego Novoa Music. Compositor y cantante de Ourense. Descubre su nuevo EP VERANO DEL 93, conciertos, noticias y mucho m\u00e1s....\",\"breadcrumb\":{\"@id\":\"https:\\\/\\\/novoaweb.es\\\/#breadcrumb\"},\"inLanguage\":\"es\",\"potentialAction\":[{\"@type\":\"ReadAction\",\"target\":[\"https:\\\/\\\/novoaweb.es\\\/\"]}]},{\"@type\":\"ImageObject\",\"inLanguage\":\"es\",\"@id\":\"https:\\\/\\\/novoaweb.es\\\/#primaryimage\",\"url\":\"https:\\\/\\\/novoaweb.es\\\/wp-content\\\/uploads\\\/elementor\\\/thumbs\\\/diego-novoa-otx7l9bhr8eayrrsy6t4lnwi15hc3hymcmaqaf94zs.jpg\",\"contentUrl\":\"https:\\\/\\\/novoaweb.es\\\/wp-content\\\/uploads\\\/elementor\\\/thumbs\\\/diego-novoa-otx7l9bhr8eayrrsy6t4lnwi15hc3hymcmaqaf94zs.jpg\"},{\"@type\":\"BreadcrumbList\",\"@id\":\"https:\\\/\\\/novoaweb.es\\\/#breadcrumb\",\"itemListElement\":[{\"@type\":\"ListItem\",\"position\":1,\"name\":\"Portada\",\"item\":\"https:\\\/\\\/novoaweb.es\\\/\"},{\"@type\":\"ListItem\",\"position\":2,\"name\":\"Inicio\"}]},{\"@type\":\"WebSite\",\"@id\":\"https:\\\/\\\/novoaweb.es\\\/#website\",\"url\":\"https:\\\/\\\/novoaweb.es\\\/\",\"name\":\"Diego Novoa\",\"description\":\"Music\",\"potentialAction\":[{\"@type\":\"SearchAction\",\"target\":{\"@type\":\"EntryPoint\",\"urlTemplate\":\"https:\\\/\\\/novoaweb.es\\\/?s={search_term_string}\"},\"query-input\":{\"@type\":\"PropertyValueSpecification\",\"valueRequired\":true,\"valueName\":\"search_term_string\"}}],\"inLanguage\":\"es\"}]}<\/script>\n<!-- \/ Yoast SEO plugin. -->","yoast_head_json":{"title":"Diego Novoa","description":"Web Oficial. Diego Novoa Music. Compositor y cantante de Ourense. Descubre su nuevo EP VERANO DEL 93, conciertos, noticias y mucho m\u00e1s....","robots":{"index":"index","follow":"follow","max-snippet":"max-snippet:-1","max-image-preview":"max-image-preview:large","max-video-preview":"max-video-preview:-1"},"canonical":"https:\/\/novoaweb.es\/","og_locale":"es_ES","og_type":"article","og_title":"Diego Novoa","og_description":"Web Oficial. Diego Novoa Music. Compositor y cantante de Ourense. Descubre su nuevo EP VERANO DEL 93, conciertos, noticias y mucho m\u00e1s....","og_url":"https:\/\/novoaweb.es\/","og_site_name":"Diego Novoa","article_modified_time":"2021-11-30T10:34:14+00:00","og_image":[{"url":"https:\/\/novoaweb.es\/wp-content\/uploads\/elementor\/thumbs\/diego-novoa-otx7l9bhr8eayrrsy6t4lnwi15hc3hymcmaqaf94zs.jpg","type":"","width":"","height":""}],"twitter_card":"summary_large_image","twitter_misc":{"Tiempo de lectura":"2 minutos"},"schema":{"@context":"https:\/\/schema.org","@graph":[{"@type":"WebPage","@id":"https:\/\/novoaweb.es\/","url":"https:\/\/novoaweb.es\/","name":"Diego Novoa","isPartOf":{"@id":"https:\/\/novoaweb.es\/#website"},"primaryImageOfPage":{"@id":"https:\/\/novoaweb.es\/#primaryimage"},"image":{"@id":"https:\/\/novoaweb.es\/#primaryimage"},"thumbnailUrl":"https:\/\/novoaweb.es\/wp-content\/uploads\/elementor\/thumbs\/diego-novoa-otx7l9bhr8eayrrsy6t4lnwi15hc3hymcmaqaf94zs.jpg","datePublished":"2020-07-14T19:45:31+00:00","dateModified":"2021-11-30T10:34:14+00:00","description":"Web Oficial. Diego Novoa Music. Compositor y cantante de Ourense. Descubre su nuevo EP VERANO DEL 93, conciertos, noticias y mucho m\u00e1s....","breadcrumb":{"@id":"https:\/\/novoaweb.es\/#breadcrumb"},"inLanguage":"es","potentialAction":[{"@type":"ReadAction","target":["https:\/\/novoaweb.es\/"]}]},{"@type":"ImageObject","inLanguage":"es","@id":"https:\/\/novoaweb.es\/#primaryimage","url":"https:\/\/novoaweb.es\/wp-content\/uploads\/elementor\/thumbs\/diego-novoa-otx7l9bhr8eayrrsy6t4lnwi15hc3hymcmaqaf94zs.jpg","contentUrl":"https:\/\/novoaweb.es\/wp-content\/uploads\/elementor\/thumbs\/diego-novoa-otx7l9bhr8eayrrsy6t4lnwi15hc3hymcmaqaf94zs.jpg"},{"@type":"BreadcrumbList","@id":"https:\/\/novoaweb.es\/#breadcrumb","itemListElement":[{"@type":"ListItem","position":1,"name":"Portada","item":"https:\/\/novoaweb.es\/"},{"@type":"ListItem","position":2,"name":"Inicio"}]},{"@type":"WebSite","@id":"https:\/\/novoaweb.es\/#website","url":"https:\/\/novoaweb.es\/","name":"Diego Novoa","description":"Music","potentialAction":[{"@type":"SearchAction","target":{"@type":"EntryPoint","urlTemplate":"https:\/\/novoaweb.es\/?s={search_term_string}"},"query-input":{"@type":"PropertyValueSpecification","valueRequired":true,"valueName":"search_term_string"}}],"inLanguage":"es"}]}},"_links":{"self":[{"href":"https:\/\/novoaweb.es\/index.php\/wp-json\/wp\/v2\/pages\/20","targetHints":{"allow":["GET"]}}],"collection":[{"href":"https:\/\/novoaweb.es\/index.php\/wp-json\/wp\/v2\/pages"}],"about":[{"href":"https:\/\/novoaweb.es\/index.php\/wp-json\/wp\/v2\/types\/page"}],"author":[{"embeddable":true,"href":"https:\/\/novoaweb.es\/index.php\/wp-json\/wp\/v2\/users\/1"}],"replies":[{"embeddable":true,"href":"https:\/\/novoaweb.es\/index.php\/wp-json\/wp\/v2\/comments?post=20"}],"version-history":[{"count":72,"href":"https:\/\/novoaweb.es\/index.php\/wp-json\/wp\/v2\/pages\/20\/revisions"}],"predecessor-version":[{"id":190,"href":"https:\/\/novoaweb.es\/index.php\/wp-json\/wp\/v2\/pages\/20\/revisions\/190"}],"wp:attachment":[{"href":"https:\/\/novoaweb.es\/index.php\/wp-json\/wp\/v2\/media?parent=20"}],"curies":[{"name":"wp","href":"https:\/\/api.w.org\/{rel}","templated":true}]}}